common factor of d and 224?
28
Let i = 36 + -8. Calculate the highest common factor of i and 70.
14
Suppose 2*q + 2 = 0, 5*n - 6*q + q = 65. What is the highest common divisor of 228 and n?
12
Let c = -216 + 320. Let q(p) = -p**3 + 8*p**2 + 11*p - 5. Let o be q(9). Calculate the greatest common factor of c and o.
13
Suppose -w + 6*w = 105. Suppose -5*k + 2*c + 11 = -34, -12 = -k + c. What is the greatest common divisor of k and w?
7
Suppose 7*c - c - 24 = 0. Let u(w) = w**3 - w**2 + w - 2. Let v be u(2). Calculate the highest common divisor of c and v.
4
Suppose 11*p - 640 = 7*p. Calculate the highest common factor of 16 and p.
16
Let n(j) = -3*j**3 + j**3 - j + 3 + 6*j**2 + 3*j**3. Let f be n(-6). Suppose 5*y - f = -4. Calculate the highest common factor of y and 2.
1
Let m = 16 + -11. Suppose f = -f - m*n + 18, 2*f - 18 = -4*n. What is the highest common divisor of 3 and f?
3
Let t(f) = 2*f**2 + 10*f - 18. Let x be t(-9). What is the greatest common factor of x and 9?
9
Let f = -34 + 16. Let l = -6 - f. Let r = 147 - 39. What is the greatest common divisor of l and r?
12
Suppose 0 = 3*w, c - w - 8 = w. Suppose -5*u - c = 7. Let k be 50 - 1*(3 + u). Calculate the greatest common factor of 75 and k.
25
Suppose n = 4*n + 2*g - 186, -g + 123 = 2*n. Let t be ((-4)/(-6))/(3/135). What is the greatest common factor of n and t?
30
Let c = -21 + 98. Calculate the highest common divisor of c and 7.
7
Let a be ((-12)/15)/((-6)/(-135)). Let y be (14/(-3))/(12/a). Calculate the highest common factor of y and 49.
7
Suppose 5*n + 1 = 11. Suppose -n*u - 3*u = -30. Let q = u + -2. Calculate the highest common divisor of 1 and q.
1
Let f(n) = -3*n. Let j be f(-1). Let a(c) = -c - 2. Let b be a(-2). Suppose 72 = 2*t - 3*k, b*t + 5*k + 43 = t. Calculate the highest common divisor of t and j.
3
Suppose -5*q - 2 = -4*q. Let h = 4 - q. What is the highest common factor of h and 4?
2
Suppose -x = -0*x + 19. Let h = x + 55. Calculate the highest common factor of 54 and h.
18
Let g be (-3)/(-2) + (-370)/(-20). Suppose -5*k = -5*o + 40, 0*k + 58 = 5*o + 4*k. Calculate the greatest common factor of o and g.
10
Let a be 405/35 + 6/14. Calculate the greatest common factor of a and 132.
12
Let d be 20 + 3/(0 + 3). Calculate the highest common factor of 189 and d.
21
Let i(z) = -47*z + 1. Let r be i(-1). Let w = -35 - -18. Let f be 1 + ((-4)/2 - w). What is the highest common factor of r and f?
16
Let c be (-3)/(-6)*12/3. Suppose o = 5*q + 18, -4*o + c*q + 72 = q. Let g = -10 + o. Calculate the highest common factor of 20 and g.
4
Let r(i) = -2*i + 5. Let q be r(-9). Calculate the greatest common divisor of q and 115.
23
Let g(j) = 0 + 11*j**2 + 8*j**2 - 2 - j. Let t be g(2). Let s = -167 - -185. What is the greatest common divisor of t and s?
18
Suppose 2*b - 7 = -1. Let k(u) = 25*u**3 - 2*u**2 + u. Let a be k(1). Calculate the highest common divisor of a and b.
3
Let h(l) = l**2 - 4*l - 29. Let z be h(13). Let j(n) = 7*n**3 + n**2 - n + 1. Let w be j(1). What is the highest common factor of w and z?
8
Suppose -733 = -3*n - 2*w, 4*w = -0*n + 2*n - 462. Let j = n - 131. What is the highest common factor of j and 10?
10
Let o be -10*(-4)/8 + -4 + 1. What is the highest common divisor of 26 and o?
2
Suppose 0 = 2*a + 3*a - 45. Let c be (102/a)/(4/6). Calculate the highest common divisor of c and 51.
17
Suppose 0*c + c - 16 = 4*l, -c + 21 = -5*l. Let y = 86 - c. Calculate the highest common factor of 10 and y.
10
Let s(c) = -c + 1. Let i(y) = -16*y**2 - 5*y + 6. Let h(g) = -i(g) + 5*s(g). Let x be h(2). What is the highest common divisor of x and 7?
7
Let u(w) = -w**3 - 11*w**2 + 13*w - 5. Let h be u(-10). Let j be (-9)/(-15) - h/25. Calculate the greatest common divisor of 50 and j.
10
Let q = -28 + 35. What is the greatest common divisor of 14 and q?
7
Let a(j) = -2*j + 12. Let q be a(-9). Calculate the greatest common divisor of 12 and q.
6
Suppose 0 = 6*r + 1 - 97. Calculate the highest common divisor of 16 and r.
16
Let o(j) = j**3 + j**2 + j - 1. Let q be o(-2). Let b = 16 + q. Calculate the greatest common divisor of 63 and b.
9
Suppose 4*x - 42 = 2*x + 3*c, 0 = -x + 3*c + 15. Calculate the highest common divisor of x and 3.
3
Suppose -2*v = 42 - 252. Let i(n) = -n**3 - 7*n**2 + 6*n + 5. Let r be i(-8). Calculate the greatest common factor of r and v.
21
Let r(q) = q**3 - 10*q**2 + 7*q + 10. Let o be r(9). Let p = o + 195. Calculate the greatest common divisor of p and 17.
17
Suppose -9*r - 78 = -240. What is the highest common factor of r and 9?
9
Let f(d) = 12*d**3 - 3*d**2 + 3*d - 3. Let j be f(2). Let u be 1*(5*-11)/1. Let l = j + u. What is the highest common divisor of l and 16?
16
Let s be 2/6 - (-33)/9. Suppose q = -s*q + 65. Let x be 12 + (2/2)/1. Calculate the greatest common factor of x and q.
13
Let i(l) = 15*l + 1. Let c(y) = 23*y + 2. Let f(g) = 5*c(g) - 8*i(g). Let s be f(-2). Calculate the greatest common factor of 84 and s.
12
Suppose -3 - 5 = -2*y. Suppose a + y*x = -13, 3 = a - 4*a - 3*x. What is the highest common factor of 1 and a?
1
Suppose -4*r = -4*f + 308, -5*r = -2*f + 74 + 314. Let y be (-3 - r) + -2 + -1. Calculate the greatest common divisor of y and 9.
9
Suppose 0 = 4*p + 150 + 82. Let y = p + 82. Let r = 24 - 16. What is the greatest common divisor of y and r?
8
Let m(l) = -11 + 0*l + l + 9. Suppose -20 = -4*h + 2*g, -h = -4*h + 4*g + 10. Let t be m(h). Calculate the highest common divisor of 20 and t.
4
Suppose v = 3*u, 3*v + 2*v = 3*u. Suppose u = -h + 2*h - 1. Let y be 3/(h + 2) + 69. Calculate the highest common divisor of y and 10.
10
Let j = -2 + 5. Let y be (-1 - -22) + j/3. What is the greatest common divisor of y and 22?
22
Let z(v) = 3*v + 16. Let k be z(0). Calculate the greatest common factor of 2 and k.
2
Suppose -4*m + 25 = -3*l, 2*m - 5*l = -0*m + 23. Suppose 0 = -2*w - 3*y - 10 + 72, -m*w - 2*y = -116. Calculate the highest common factor of 7 and w.
7
Suppose -k = -2*k + 4. Suppose 0 = -3*o + k*o - 3. Suppose -o*a - 4*f = -0*a - 52, 20 = 5*f. What is the greatest common factor of 12 and a?
12
Let s = -29 + 19. Let w be (-386)/s - 16/(-40). Calculate the greatest common divisor of 13 and w.
13
Let p = -34 - -46. What is the greatest common divisor of p and 96?
12
Let x = -8 - -20. Calculate the highest common divisor of 8 and x.
4
Let d(x) = 3*x - 6. Let q(y) = -13*y + 24. Let b(g) = -9*d(g) - 2*q(g). Let p be b(-6). Calculate the highest common factor of p and 8.
4
Suppose 91 = -70*y + 77*y. Suppose -5*u + 21 = t, 0*u - 77 = -3*t - u. What is the highest common factor of t and y?
13
Suppose -78 = 8*b - 10*b. Let t be (1 - 0)*(12 - -1). What is the highest common divisor of t and b?
13
Let s be (-1 - (-1 - -2)) + -2. Let f be ((-9)/s)/((-18)/(-96)). What is the greatest common divisor of 4 and f?
4
Suppose 4*l - 2*l + 4*t = -34, -2*l + 4*t - 10 = 0. Let y be (1/(-2))/(l/814). What is the greatest common divisor of 296 and y?
37
Suppose -2*a - 5*d = 16, -5*a - 14 = -4*a + 4*d. What is the highest common factor of a and 18?
2
Suppose -d - 3*f = 3*d - 52, 68 = 3*d - 5*f. Suppose -3*s - 48 = -3*p, -p + 16 = -0*p - 4*s. What is the highest common factor of d and p?
16
Let k = -4 - -2. Let o be 1130/6 + k/(-3). What is the highest common factor of o and 27?
27
Let w = 55 + 98. Calculate the highest common factor of w and 17.
17
Suppose -300 = -3*d - 2*g, d = -d + 4*g + 184. Let v be 9/(-3) - (-19 + 2). What is the greatest common factor of d and v?
14
Let b be (-3)/9 + (-12)/(-9). Let z be b/(-1)*3*-55. What is the greatest common divisor of z and 15?
15
Let j = 96 - 50. Suppose -j = -5*k + 154. Let s be ((-6)/(-9))/(2/24). Calculate the greatest common factor of k and s.
8
Let a be (-1)/((-4)/(-22) + (-38)/88). What is the greatest common factor of 16 and a?
4
Suppose -4*n + 125 = -67. Calculate the greatest common divisor of 32 and n.
16
Let v be -10*(-10)/4 + 1. Let u(a) = 4*a - 17. Let r be u(14). What is the highest common factor of r and v?
13
Suppose -3*y + 0 = -18. Calculate the greatest common factor of y and 18.
6
Let f(l) = 2*l**3 + 14*l**2 + 10. Let z be f(-7). Calculate the greatest common factor of z and 90.
10
Let g = 27 - 16. Calculate the highest common factor of 77 and g.
11
Let t be 3 - (0 + (-8 - -3)). Le